o + 28. Let z be u(-10). Let j(n) = -967 + 0*n + z - 10*n. Let d(h) = -2*j(h) + 9*l(h). Calculate d(-4).
-13
Let t(l) be the third derivative of -l**5/60 + 2*l**3/3 + 9*l**2. Let s be t(0). Let x be (10/20)/((-1)/s). Let o(r) = -r**3 - 4*r**2 - r - 2. Determine o(x).
-8
Let q(c) = c + 4. Let o(d) = -9*d - 133 + 2*d**2 + 130 - 4*d**2. Let k be o(-5). Calculate q(k).
-4
Suppose -64*k = -74*k + 10. Let x(z) = -263*z - k + z**3 + 3 + 252*z - 9*z**2. Give x(10).
-8
Let f(o) be the third derivative of -o**7/1680 + o**6/120 - 11*o**5/12 - 299*o**2. Let i(r) be the third derivative of f(r). Determine i(4).
-6
Suppose -3*j - 4*y + 60 = 0, 2*j + y + 192 = 222. Let b(q) = 3*q - 56. Calculate b(j).
-20
Let l(j) be the first derivative of -1/3*j**3 - 9/2*j**2 + 15 - 15*j. What is l(-7)?
-1
Suppose 2*a - 17 = a + 4*u, 3*a + 17 = -5*u. Let b be (-350)/(-7) - 2/((-4)/(-2)). Let i(q) = -48*q**2 + b*q**2 + q - 4 - 3 + 6. Calculate i(a).
1
Let k(c) = 2*c**2 - 11*c + 5. Let i(w) = -2*w**3 + 10*w**2 + 166*w + 29. Let m be i(12). Determine k(m).
0
Let b(o) = o**3 - 7*o**2 - 4. Suppose -27 = j - 5*a, -7*j - 5*a = -2*j + 75. Let r = j + 14. Let q be 12/3 - r/1. Determine b(q).
-4
Let n(m) = m**3 + 3*m**2 - 2*m - 5. Suppose 2*o = -13 + 3. Let l(t) = -t**3 - 2*t**2 + 2*t + 4. Let k(u) = o*l(u) - 4*n(u). Give k(-2).
-12
Let s = -14 + 19. Suppose s + 7 = -4*a. Let d(b) be the third derivative of -b**5/20 - b**4/12 + 2*b**3/3 - 249*b**2. What is d(a)?
-17
Let v(p) = -7*p + 35. Let d(n) = -2*n**2 + 27*n + 5. Let x be d(0). Give v(x).
0
Let z(i) = 10*i + 3. Let v = 2757 - 2758. What is z(v)?
-7
Let z(b) be the third derivative of b**6/120 + 7*b**5/60 + b**4/4 - b**3/2 - b**2. Let f be (-4*6/(-16))/((-2)/8). Give z(f).
-3
Let q(a) = -a**2 - 6*a - 7. Let x = 303 - 47. Let s = x - 261. Calculate q(s).
-2
Let k(l) be the first derivative of -4*l + 334*l**2 - 9*l - 333*l**2 - 24. Calculate k(9).
5
Let d(x) = 2*x**3 - 4*x**2 + 4*x - 2. Suppose 3*n = -4*a + 320, 0 = -2*a - 2*n - 0*n + 158. Suppose 19 = -4*p + a. Suppose -9*k + p = -k. Determine d(k).
6
Let g(d) = -3*d**2 - 4*d + 2. Let u be (6 - 12)*2*1/4. Calculate g(u).
-13
Let v(u) be the first derivative of -u**4/4 - 17*u**3/3 - 3*u**2/2 - 54*u + 1122. Calculate v(-17).
-3
Let u(f) = f**3 + 4*f**2 - 3*f + 6. Let l(y) = y**2 + 15*y - 9. Let z be l(-17). Let j be (7 - -2)/(6 - z/5). Let t be 38/(-8) - j/36. Determine u(t).
-4
Let z(q) = -q**2 + 11*q + 14. Let k be z(12). Let w = 2 - -3. Let m(s) = -3 - w*s + s**k + 2 + 2. Determine m(3).
-5
Suppose 0 = -w - 5*q + 2 - 7, 4*q + 1 = -w. Let o(a) = -8*a + 14*a**3 + 10 - w*a**3 - 2*a + 8*a**2. What is o(7)?
-11
Let s(n) = 4*n - 5. Let p(w) = w**3 - 3*w**2 - 6*w + 20. Let c be p(4). Suppose 28 = 8*a - c. Calculate s(a).
15
Let i(f) = -16*f**2 + 162*f - 17. Let q be i(10). Let v(z) be the second derivative of -z**4/12 + 2*z**3/3 - 2*z**2 - 8*z. Give v(q).
-1
Suppose -2*k + 9 = 1, 5*b = 3*k - 3412. Let p = -680 - b. Let y(m) = m**2 + m + 29. What is y(p)?
29
Let y(m) = 2*m + 1300 + 1299 + 8*m**2 - 3891 + 1291. Let h = -2 - -3. What is y(h)?
9
Suppose 35*y - 40*y = -5*d - 50, -5*y = -2*d - 41. Let t(q) = -3*q**2 - 4*q - 22. Calculate t(d).
-37
Let k(z) be the first derivative of z**6/360 + z**5/24 - 4*z**3/3 - 8. Let j(n) be the third derivative of k(n). Suppose 4*s - 36 = -56. What is j(s)?
0
Let w(i) = -148*i + 42*i + 40*i + 41*i + 16 + 21*i - 3*i**2. Determine w(-4).
-16
Let s(h) = -8*h**2 - 117*h - 382. Let v be s(-5). Let f(d) = -55*d - 4 + 3 + 64*d. What is f(v)?
26
Let z(w) be the second derivative of -w**4/12 - w**3 + 9*w**2/2 - 7*w. Let r be (2/(-4))/((-3)/(2 - -70)). Let j be (7 - 3)*(-21)/r. Calculate z(j).
2
Let o(j) be the first derivative of -2 + 5/12*j**4 + 0*j - 15/2*j**2 - 1/60*j**5 - 11/6*j**3. Let c(f) be the second derivative of o(f). Calculate c(9).
-2
Suppose -5*t - 25 = -15*w + 14*w, -4*t = -3*w + 9. Suppose 0 = -b - b. Let j(p) = b*p + 3 - 6 + p. What is j(w)?
-8
Let m(c) = 23*c**3 - 16*c**2 + 72*c + 4. Let g(z) = 42*z**3 - 33*z**2 + 136*z + 9. Let x(p) = -6*g(p) + 11*m(p). Determine x(-23).
13
Let g(y) = y**2 + 11*y + 37. Let m(b) = 2*b**3 + 243*b**2 + 121*b - 12. Let x be m(-121). Give g(x).
49
Let l(m) = -2 - 7*m + m**3 - 630*m**2 + 326*m**2 + 297*m**2. Give l(8).
6
Let r(m) = 4*m**3 + 6*m**2 - 5*m. Let u(h) = -2*h**3 - 2*h**2 + h + 1. Let n(q) = -r(q) - 3*u(q). What is n(1)?
1
Let k = 11128 + -11125. Let c(z) = -z**3 + 6*z**2 - 11*z + 6. Give c(k).
0
Let o(k) = -2*k - 84. Suppose 6*r + 11*r + 12*r + 667 = 0. Calculate o(r).
-38
Suppose -90 = 20*j + 130. Let x(h) = -24 - 4*h + 21 - h**2 - 8*h. Calculate x(j).
8
Let i(l) = l**2 + 11*l + 8. Let r be i(-11). Let a(d) be the second derivative of d**3/6 - 5*d**2/2 - 3*d + 3208. What is a(r)?
3
Let v = 86 + -67. Suppose -16*l - 183 = -v*l. Suppose 16*n = l + 67. Let r(t) = t**2 - 8*t + 3. Give r(n).
3
Let m(b) = b**3 + 3*b**2 - 9*b + 12. Let p = -15974 + 15969. Determine m(p).
7
Let a(j) be the third derivative of -10*j**2 + 0*j + 1/8*j**4 + 1/6*j**3 - 5 - 1/60*j**5. What is a(2)?
3
Let n(j) = -7 + 7*j - 42*j + 38*j. Let k(s) = -s + 7. Let a be k(4). What is n(a)?
2
Let f(s) = -3*s**2 - 2*s - 11. Let j = 2724 + -2728. Calculate f(j).
-51
Let v(d) = 0*d**2 - d**2 + 612581*d - 94 - 612545*d. Determine v(3).
5
Suppose 2*c - 6 = 4*h, -3*c - 3*h - 5 = -5*c. Let f(a) be the third derivative of -a**6/24 - a**4/24 + a**3/6 - 20*a**2. What is f(c)?
-5
Let j(q) = -129*q + 47*q - 3 + 88*q. Give j(-1).
-9
Let v(x) = x + 14. Let i be v(25). Let p(l) = -77*l**2 + i*l**2 + 4*l + 40*l**2 + 5*l - 4*l + 5. Determine p(-4).
17
Let v(h) = -2*h + 1. Let t(i) = i**2 + 10*i + 30. Let z be t(-5). Suppose z*b + 4*q - 15 = 6*q, -3*b = 3*q - 9. Give v(b).
-5
Let g(c) = 13*c + 56. Let a be (-14 - -16)*(4 + -6). Give g(a).
4
Suppose 0 = 8*n - 407 + 327. Let g(v) = -2*v**2 + 15*v - 14. Give g(n).
-64
Let h = 8104 - 8130. Let f(p) = p**2 + 28*p + 62. Calculate f(h).
10
Let s(q) = -52*q + 1. Let k be s(-3). Let u = -156 + k. Let a(f) = -8*f**3 + f - 1. Calculate a(u).
-8
Let u(t) = -15*t - 32. Let z(y) = -142*y - 2276. Let n be z(-16). What is u(n)?
28
Let y(i) = 57*i + 62 + 67*i + 2*i**2 - 140*i - 61. Determine y(9).
19
Let z = 1435 - 861. Let q = -570 + z. Let a(w) = -7*w + 2. Determine a(q).
-26
Let q(a) be the first derivative of a**3/2 - a**2 - 127*a + 163. Let y(i) be the first derivative of q(i). What is y(4)?
10
Suppose 27*p - 11 = 3*b + 26*p, -p - 1 = 0. Let y(n) = 3*n + 2 - 2*n - 3. Determine y(b).
-5
Let r(i) = -7*i**3 - 2*i**2 - 28*i - 17. Let w(t) = 16*t**3 + 3*t**2 + 56*t + 34. Let p(m) = -9*r(m) - 4*w(m). Calculate p(9).
26
Suppose 13*d = -9*d + 198. Let v be (4/3)/(-1 - (-3)/d). Let y(o) = 2*o**3 + 3*o**2 + 4*o + 2. Give y(v).
-10
Suppose 11*x + 143 = 132. Let p(t) = -15*t**2 + 4*t + 1. Give p(x).
-18
Let s(y) be the first derivative of -y**6/120 - y**5/10 + y**4/8 + y**3/2 + 25*y**2 - 26. Let k(c) be the second derivative of s(c). What is k(-6)?
-15
Let b(n) be the second derivative of 7*n**3/6 + 7*n**2/2 + 118*n. Let d be (-44)/(-10) + (-318)/(-530). What is b(d)?
42
Let o(s) = 7 + 74*s - 155*s - s**3 + 76*s + 4*s**2 + 0. Determine o(4).
-13
Let v(y) be the second derivative of 10*y**3/3 - 55*y**2/2 - 11*y + 9. Determine v(3).
5
Let l be 337 - (5 - 21/3). Let g(f) = -f + l - 339. Calculate g(11).
-11
Let r(z) = 12*z - 64. Suppose -4*n = f - 25, -2*n + 37 = 5*f + 2. Give r(n).
-4
Let z(x) = -47*x - 85. Let w(r) = -r**2 + 63*r + 266. Let i be w(-4). Give z(i).
9
Let m(w) = 3*w**2 - w + 9. Let h(s) = -13*s**2 - 12*s - 64. Let v(i) = -h(i) - 4*m(i). Calculate v(-9).
-35
Suppose -2*n + 12 = -5*n, 4*a - 4*n = 44. Let m(i) = -i**2 + 3*i + 1. Calculate m(a).
-27
Let h = -287 - -443. Let u = h - 149. Let t(r) = r - 9. Determine t(u).
-2
Let z(o) = -5*o + 68. Let l(j) = -j**2 + 83*j + 4610. Let r be l(-38). What is z(r)?
8
Let d(p) be the second derivative of -p**4/12 - p**3 - p**2/2 + p. Let y be 10 - ((-64)/(-8) - 35/(-5)). Calculate d(y).
4
Let b(h) = h**3 - 2*h**2 - 4. Let g be (-34)/(-12) - (-8 + 7*376/336). Determine b(g).
5
Let m(o) = -o**3 - 4*o**2 + 2*o + 2. Let y(u) = 2*u + 2. Let j = 24 + -15. Suppose -5*x = 16 + j, 7 = s - 2*x. Let q be y(s). What is m(q)?
-6
Let d(n) = -16*n - 11. Let f(u) = -6*u + 1. Let p(b) = d(b) - 3*f